{"id":820,"date":"2015-11-17T13:03:58","date_gmt":"2015-11-17T11:03:58","guid":{"rendered":"http:\/\/www.sim.utcluj.ro\/wp\/?page_id=820"},"modified":"2025-11-04T14:29:26","modified_gmt":"2025-11-04T12:29:26","slug":"gradatii-merit-2015","status":"publish","type":"page","link":"https:\/\/sim.utcluj.ro\/?page_id=820","title":{"rendered":"Grada\u021bii de Merit"},"content":{"rendered":"\n<p><strong><mark style=\"background-color:rgba(0, 0, 0, 0)\" class=\"has-inline-color has-vivid-red-color\">Grada\u021bii de merit 2025<\/mark><\/strong><\/p>\n\n\n\n<p>Dosarele depuse \u00een vederea ob\u021binerii grada\u021biei de merit pentru Departamentul de \u0218tiin\u021ba \u0219i Ingineria Materialelor pentru anul 2025 sunt:<\/p>\n\n\n\n<p><a href=\"https:\/\/sim.utcluj.ro\/wp-content\/uploads\/2025\/11\/Dosar-Marinca-Traian.pdf\">Conf. dr. fiz. Traian-Florin Marinca<\/a><\/p>\n\n\n\n<p><a href=\"https:\/\/sim.utcluj.ro\/wp-content\/uploads\/2025\/11\/Dosar_concurs_gradatie-merit-_2025_Popa_Florin_compressed.pdf\">Conf. dr. fiz. Florin Popa<\/a><\/p>\n\n\n\n<p><a href=\"https:\/\/sim.utcluj.ro\/wp-content\/uploads\/2025\/11\/Gradatie_doc_merged-Sas-Boca-fara-semnaturi.pdf\">\u0218. l. dr. ing. Ioana Monica Sas-Boca<\/a><\/p>\n\n\n\n<p><strong><em>Rezultatele <\/em><\/strong>concursului de acordare a grada\u021biilor de merit 2025:<\/p>\n\n\n\n<p><a href=\"https:\/\/sim.utcluj.ro\/wp-content\/uploads\/2025\/11\/Anexa_2_Apreciere_sintetica_activitate-Marinca-Traian-Florin.pdf\">Anexa_2_Apreciere_sintetica_activitate Marinca Traian Florin<\/a><\/p>\n\n\n\n<p><a href=\"https:\/\/sim.utcluj.ro\/wp-content\/uploads\/2025\/11\/Anexa_2_Apreciere_sintetica_activitate-Popa-Florin.pdf\">Anexa_2_Apreciere_sintetica_activitate Popa Florin<\/a><\/p>\n\n\n\n<p><a href=\"https:\/\/sim.utcluj.ro\/wp-content\/uploads\/2025\/11\/Anexa_2_Apreciere_sintetica_activitate-Sas-Boca-Monica.pdf\">Anexa_2_Apreciere_sintetica_activitate Sas Boca Monica<\/a><\/p>\n\n\n\n<p><a href=\"https:\/\/sim.utcluj.ro\/wp-content\/uploads\/2025\/11\/CLASAMENT-FINAL-GRADATII-SIM.pdf\">Clasament final gradatii dep. SIM<\/a><\/p>\n\n\n\n<!--nextpage-->\n\n\n\n<p><strong>GRADA\u021aII DE MERIT 2022<\/strong><\/p>\n\n\n\n<p>Dosarele depuse \u00een vederea ob\u021binerii grada\u021biei de merit pentru Departamentul de \u0218tiin\u021ba \u0219i Ingineria Materialelor sunt:<\/p>\n\n\n\n<p><a href=\"https:\/\/sim.utcluj.ro\/wp-content\/uploads\/2022\/10\/Neamtu-Bogdan.pdf\">Conf. dr. ing. Bogdan Neam\u021bu<\/a><\/p>\n\n\n\n<p><a href=\"https:\/\/sim.utcluj.ro\/wp-content\/uploads\/2022\/10\/Dosar-gradatie-Tintelecan-Marius.pdf\">\u0218. l. dr. ing. Marius Tintelecan<\/a><\/p>\n\n\n\n<p><a href=\"https:\/\/sim.utcluj.ro\/wp-content\/uploads\/2022\/10\/Dosar-gradatie-merit-Violeta-Merie-compressed.pdf\">\u0218. l. dr. ing. Violeta Merie<\/a><\/p>\n\n\n\n<p><\/p>\n\n\n\n<p><strong>Rezultate:<\/strong><\/p>\n\n\n\n<p><a href=\"https:\/\/sim.utcluj.ro\/wp-content\/uploads\/2022\/10\/Centralizator-punctaje-2022.pdf\">Centralizator punctaje 2022<\/a><\/p>\n\n\n\n<p><a href=\"https:\/\/sim.utcluj.ro\/wp-content\/uploads\/2022\/10\/Raport-gradatii-de-merit-2022-2023.pdf\">Raport grada\u021bii de merit 2022<\/a><\/p>\n\n\n\n<hr class=\"wp-block-separator has-css-opacity\"\/>\n\n\n<\/p>\n<p>Dosare depuse \u00een vederea ob\u0163inerii grada\u0163iilor de merit, precum \u015fi punctajele ob\u0163inute. Situa\u0163ia la nivelul departamentului de \u015etiin\u0163a \u015fi Ingineria Materialelor:<\/p>\n<p><span style=\"text-decoration: underline;\"><strong>DOSARE DEPUSE IN ANUL 2017<\/strong><\/span><\/p>\n<p><a href=\"http:\/\/www.sim.utcluj.ro\/stm\/news\/2017_PopM.pdf\">Conf.dr.ing. Pop Mariana<\/a><\/p>\n<p><a href=\"http:\/\/www.sim.utcluj.ro\/stm\/news\/PopM2017.pdf\">PUNCTAJE OBTINUTE<\/a><\/p>\n<\/p>\n<hr>\n<p><span style=\"text-decoration: underline;\"><strong>DOSARE DEPUSE IN ANUL 2016<\/strong><\/span><\/p>\n<p><a href=\"http:\/\/www.sim.utcluj.ro\/stm\/news\/2016_Chicinas.pdf\" target=\"_blank\" rel=\"noopener\">Prof.dr.ing.fiz. Ionel CHICINA\u015e<\/a><\/p>\n<p><a href=\"http:\/\/www.sim.utcluj.ro\/stm\/news\/2016_Brandusan.pdf\" target=\"_blank\" rel=\"noopener\">Prof.dr.ing. Liviu BR\u00c2NDU\u015eAN<\/a><\/p>\n<p><a href=\"http:\/\/www.sim.utcluj.ro\/stm\/news\/2016Punctaj.pdf\" target=\"_blank\" rel=\"noopener\">PUNCTAJE OBTINUTE<\/a><\/p>\n<p>Contestatiile pot fi depuse pana in data de 2.11.2016 ora 13.00 la directorul de departament.<\/p>\n<\/p>\n<hr>\n<p><span style=\"text-decoration: underline;\"><strong>DOSARE DEPUSE IN ANUL 2015:<\/strong><\/span><\/p>\n<p><a href=\"http:\/\/www.sim.utcluj.ro\/stm\/news\/PopaC2015.pdf\" target=\"_blank\" rel=\"noopener\">Prof.dr.ing. C\u0103t\u0103lin POPA<\/a><\/p>\n<p><a href=\"http:\/\/www.sim.utcluj.ro\/stm\/news\/Negrea2015.pdf\" target=\"_blank\" rel=\"noopener\">Conf.dr.ing. Gavril NEGREA<\/a><\/p>\n<p><a href=\"http:\/\/www.sim.utcluj.ro\/stm\/news\/Muresan2015.pdf\" target=\"_blank\" rel=\"noopener\">Conf.dr.ing. Radu MURE\u015eAN<\/a><\/p>\n<p><a href=\"http:\/\/www.sim.utcluj.ro\/stm\/news\/Neag2015.pdf\" target=\"_blank\" rel=\"noopener\">\u015e.L. dr.ing. Adriana NEAG<\/a><\/p>\n<p><a href=\"http:\/\/www.sim.utcluj.ro\/stm\/news\/Tintelecan2015.pdf\" target=\"_blank\" rel=\"noopener\">\u015e.L. dr.ing. Marius Tintelecan<\/a><\/p>\n<p><a href=\"http:\/\/www.sim.utcluj.ro\/stm\/news\/GM2015.pdf\" target=\"_blank\" rel=\"noopener\">PUNCTAJE OBTINUTE<\/a><\/p>\n<\/p>","protected":false},"excerpt":{"rendered":"<p>Grada\u021bii de merit 2025 Dosarele depuse \u00een vederea ob\u021binerii grada\u021biei de merit pentru Departamentul de \u0218tiin\u021ba \u0219i Ingineria Materialelor pentru anul 2025 sunt: Conf. dr. fiz. Traian-Florin Marinca Conf. dr. fiz. Florin Popa \u0218. l. dr. ing. Ioana Monica Sas-Boca Rezultatele concursului de acordare a grada\u021biilor de merit 2025: Anexa_2_Apreciere_sintetica_activitate Marinca Traian Florin Anexa_2_Apreciere_sintetica_activitate Popa [&hellip;]<\/p>\n","protected":false},"author":1,"featured_media":0,"parent":815,"menu_order":0,"comment_status":"closed","ping_status":"closed","template":"","meta":{"footnotes":""},"class_list":["post-820","page","type-page","status-publish","hentry"],"_links":{"self":[{"href":"https:\/\/sim.utcluj.ro\/index.php?rest_route=\/wp\/v2\/pages\/820","targetHints":{"allow":["GET"]}}],"collection":[{"href":"https:\/\/sim.utcluj.ro\/index.php?rest_route=\/wp\/v2\/pages"}],"about":[{"href":"https:\/\/sim.utcluj.ro\/index.php?rest_route=\/wp\/v2\/types\/page"}],"author":[{"embeddable":true,"href":"https:\/\/sim.utcluj.ro\/index.php?rest_route=\/wp\/v2\/users\/1"}],"replies":[{"embeddable":true,"href":"https:\/\/sim.utcluj.ro\/index.php?rest_route=%2Fwp%2Fv2%2Fcomments&post=820"}],"version-history":[{"count":28,"href":"https:\/\/sim.utcluj.ro\/index.php?rest_route=\/wp\/v2\/pages\/820\/revisions"}],"predecessor-version":[{"id":3776,"href":"https:\/\/sim.utcluj.ro\/index.php?rest_route=\/wp\/v2\/pages\/820\/revisions\/3776"}],"up":[{"embeddable":true,"href":"https:\/\/sim.utcluj.ro\/index.php?rest_route=\/wp\/v2\/pages\/815"}],"wp:attachment":[{"href":"https:\/\/sim.utcluj.ro\/index.php?rest_route=%2Fwp%2Fv2%2Fmedia&parent=820"}],"curies":[{"name":"wp","href":"https:\/\/api.w.org\/{rel}","templated":true}]}}