{"id":2449,"date":"2020-12-22T18:13:12","date_gmt":"2020-12-22T16:13:12","guid":{"rendered":"https:\/\/sim.utcluj.ro\/?page_id=2449"},"modified":"2022-03-15T19:06:33","modified_gmt":"2022-03-15T17:06:33","slug":"acasa","status":"publish","type":"page","link":"https:\/\/sim.utcluj.ro\/?page_id=2449","title":{"rendered":"Despre noi"},"content":{"rendered":"\n<p>Departamentul de <strong><em><span class=\"has-inline-color has-vivid-red-color\">\u015etiin\u0163a \u015fi Ingineria Materialelor<\/span><\/em><\/strong> s-a \u00eenfiin\u021bat \u020bn anul 2011 prin fuziunea dintre Catedra de \u015etiin\u0163a \u015fi Tehnologia Materialelor (\u00eenfiin\u0163at\u0103 \u00een anul 1948) \u015fi Catedra de Deform\u0103ri Plastice \u015fi Tratamente Termice.<br>Activit\u0103\u021bile didactice \u00een cadrul departamentului se desf\u0103\u0219oar\u0103 \u00een trei cicluri de studii: licen\u021b\u0103, masterat \u0219i \u0219coal\u0103 doctoral\u0103.<\/p>\n\n\n\n<p>Departamentul de <strong><em><span class=\"has-inline-color has-vivid-red-color\">\u015etiin\u0163a \u015fi Ingineria Materialelor<\/span><\/em><\/strong> coordoneaz\u0103 <strong><em>2 specializ\u0103ri de licen\u021b\u0103<\/em><\/strong> acreditate \u00een domeniul <em><span class=\"has-inline-color has-vivid-cyan-blue-color\">Ingineriei Materialelor<\/span><\/em>: <em>\u015etiin\u0163a Materialelor<\/em> \u015fi <em>Ingineria Proces\u0103rii Materialelor<\/em>. <\/p>\n\n\n\n<figure class=\"wp-block-image size-large\"><img loading=\"lazy\" decoding=\"async\" width=\"1024\" height=\"195\" src=\"https:\/\/sim.utcluj.ro\/wp-content\/uploads\/2019\/01\/Logo-SIM-1024x195.jpg\" alt=\"\" class=\"wp-image-1649\" srcset=\"https:\/\/sim.utcluj.ro\/wp-content\/uploads\/2019\/01\/Logo-SIM-1024x195.jpg 1024w, https:\/\/sim.utcluj.ro\/wp-content\/uploads\/2019\/01\/Logo-SIM-300x57.jpg 300w, https:\/\/sim.utcluj.ro\/wp-content\/uploads\/2019\/01\/Logo-SIM-768x146.jpg 768w, https:\/\/sim.utcluj.ro\/wp-content\/uploads\/2019\/01\/Logo-SIM.jpg 1260w\" sizes=\"auto, (max-width: 1024px) 100vw, 1024px\" \/><\/figure>\n\n\n\n<p>Inginerii preg\u0103ti\u0163i \u00een domeniul ingineriei materialelor au o mare flexibilitate profesional\u0103 pentru diferite specializ\u0103ri\/domenii inginere\u015fti, flexibilitate ce deriv\u0103 din caracterul interdisciplinar al acestui domeniu de studiu. Viitorul inginer va dob\u00e2ndi cuno\u015ftiin\u0163e referitoare at\u00e2t la materiale, c\u00e2t \u015fi la procesarea acestora. Competen\u0163ele profesionale ale absolven\u0163ilor cuprind analiza \u015fi selec\u0163ia optim\u0103 at\u00e2t a materialelor c\u00e2t \u015fi a tehnologiei de procesare a acestora, proiectarea de noi materiale pentru diverse domenii de activitate (electronic\u0103, medicin\u0103, construc\u0163ii de ma\u015fini, tehnologia informa\u0163iei, etc.), proiectarea, conducerea, optimizarea \u015fi analiza economic\u0103 a proceselor tehnologice, analiza avariilor. Departamentul asigur\u0103 instruirea fundamental-aplicativ\u0103 privind \u015ftiin\u021ba \u015fi tehnologia materialelor pentru toate specializ\u0103rile facult\u0103\u0163ilor de Construc\u0163ii de Ma\u015fini \u015fi Autovehicule Rutire, Mecatronic\u0103 \u015fi Mecanic\u0103. <\/p>\n\n\n\n<p>Departamentul de <strong><em><span class=\"has-inline-color has-vivid-red-color\">\u015etiin\u0163a \u015fi Ingineria Materialelor<\/span><\/em><\/strong> coordoneaz\u0103 <strong><em>3 programe de masterat<\/em><\/strong>: <em><span class=\"has-inline-color has-vivid-cyan-blue-color\">Materiale \u015fi Tehnologii Avansate<\/span><\/em>, <em><span class=\"has-inline-color has-vivid-cyan-blue-color\">Ingineria \u015fi Managementul Proces\u0103rii Avansate a Materialelor<\/span><\/em><span class=\"has-inline-color has-vivid-cyan-blue-color\"> <\/span>\u015fi <em><span class=\"has-inline-color has-vivid-cyan-blue-color\">Sudarea \u015fi Asigurarea Calit\u0103\u021bii Materialelor<\/span><\/em>, specializ\u0103ri existente \u00een toate universit\u0103\u0163ile de prestigiu pe plan mondial. <\/p>\n\n\n\n<p>De asemenea, asigur\u0103 specializare prin <strong><em>doctorat<\/em><\/strong> \u00een domeniul Ingineria Materialelor, av\u00e2nd 6 conduc\u0103tori de doctorat. <\/p>\n\n\n\n<figure class=\"wp-block-image size-large\"><img loading=\"lazy\" decoding=\"async\" width=\"1024\" height=\"147\" src=\"https:\/\/sim.utcluj.ro\/wp-content\/uploads\/2019\/01\/SIM20-1-1024x147.png\" alt=\"\" class=\"wp-image-1692\" srcset=\"https:\/\/sim.utcluj.ro\/wp-content\/uploads\/2019\/01\/SIM20-1-1024x147.png 1024w, https:\/\/sim.utcluj.ro\/wp-content\/uploads\/2019\/01\/SIM20-1-300x43.png 300w, https:\/\/sim.utcluj.ro\/wp-content\/uploads\/2019\/01\/SIM20-1-768x110.png 768w, https:\/\/sim.utcluj.ro\/wp-content\/uploads\/2019\/01\/SIM20-1.png 1600w\" sizes=\"auto, (max-width: 1024px) 100vw, 1024px\" \/><\/figure>\n\n\n\n<p><\/p>\n\n\n\n<p>Departamentul desf\u0103\u015foar\u0103 o bogat\u0103 activitate de cercetare \u015ftiin\u0163ific\u0103 \u00een domeniul \u015etiin\u0163ei \u015fi Ingineriei Materialelor (materiale magnetice, biomateriale, materiale compozite, metalurgia pulberilor, ingineria suprafe\u021belor, tehnologii moderne de procesare, modelarea \u0219i simularea procedeelor de deformare plastic\u0103 etc.), av\u00e2nd leg\u0103turi de colaborare cu universit\u0103ti \u015fi unit\u0103\u0163i economice de prestigiu din tar\u0103 \u015fi Europa.<br>Domeniul de Ingineria Materialor, gestionat de departamentul de <em><strong><span class=\"has-inline-color has-vivid-red-color\">\u015etiin\u0163a \u015fi Ingineria Materialelor<\/span><\/strong><\/em>, a fost clasificat pe locul I pe \u021bar\u0103 de c\u0103tre o comisie de evaluare extern\u0103 a universit\u0103\u021bilor din Rom\u00e2nia.<br>Inginerii de materiale lucreaz\u0103 cu diverse tipuri de materiale (metale, polimeri, ceramici, cristale lichide, compozite etc.) pentru o gam\u0103 larg\u0103 de aplica\u021bii (energie, construc\u021bii, electronic\u0103, biotehnologie, nanotehnologie, medicin\u0103 etc.) folosind procedee moderne de prelucrare ale acestora.<br>Inginerii de materiale investigheaz\u0103 modul \u00een care se ob\u0163in \u015fi se comport\u0103 materialele din care sunt realizate obiectele din jurul nostru. \u00cen\u021beleg\u00e2nd structura materiei, de la scara atomic\u0103 la scara milimetric\u0103, ei inventeaz\u0103 noi modalit\u0103\u021bi de a combina elemente chimice \u00een materiale cu diferite propriet\u0103\u021bi func\u021bionale. Celelalte ramuri ale ingineriei se bazeaz\u0103 foarte mult pe inginerii de materiale pentru studiul comport\u0103rii materialelor avansate folosite la proiectarea \u0219i fabricarea produselor, cum ar fi ma\u0219ini mai sigure, computere, dispozitive electronice \u015fi medicale mai performante. Speciali\u015ftii din domeniul ingineriei materialelor lucreaz\u0103 chiar \u0219i \u00een muzee, ajut\u00e2nd la analiza, conservarea \u0219i restaurarea artefactelor \u0219i a lucr\u0103rilor de art\u0103.<\/p>\n\n\n\n<p><\/p>\n","protected":false},"excerpt":{"rendered":"<p>Departamentul de \u015etiin\u0163a \u015fi Ingineria Materialelor s-a \u00eenfiin\u021bat \u020bn anul 2011 prin fuziunea dintre Catedra de \u015etiin\u0163a \u015fi Tehnologia Materialelor (\u00eenfiin\u0163at\u0103 \u00een anul 1948) \u015fi Catedra de Deform\u0103ri Plastice \u015fi Tratamente Termice.Activit\u0103\u021bile didactice \u00een cadrul departamentului se desf\u0103\u0219oar\u0103 \u00een trei cicluri de studii: licen\u021b\u0103, masterat \u0219i \u0219coal\u0103 doctoral\u0103. Departamentul de \u015etiin\u0163a \u015fi Ingineria Materialelor coordoneaz\u0103 [&hellip;]<\/p>\n","protected":false},"author":4,"featured_media":0,"parent":0,"menu_order":0,"comment_status":"closed","ping_status":"closed","template":"","meta":{"footnotes":""},"class_list":["post-2449","page","type-page","status-publish","hentry"],"_links":{"self":[{"href":"https:\/\/sim.utcluj.ro\/index.php?rest_route=\/wp\/v2\/pages\/2449","targetHints":{"allow":["GET"]}}],"collection":[{"href":"https:\/\/sim.utcluj.ro\/index.php?rest_route=\/wp\/v2\/pages"}],"about":[{"href":"https:\/\/sim.utcluj.ro\/index.php?rest_route=\/wp\/v2\/types\/page"}],"author":[{"embeddable":true,"href":"https:\/\/sim.utcluj.ro\/index.php?rest_route=\/wp\/v2\/users\/4"}],"replies":[{"embeddable":true,"href":"https:\/\/sim.utcluj.ro\/index.php?rest_route=%2Fwp%2Fv2%2Fcomments&post=2449"}],"version-history":[{"count":15,"href":"https:\/\/sim.utcluj.ro\/index.php?rest_route=\/wp\/v2\/pages\/2449\/revisions"}],"predecessor-version":[{"id":2848,"href":"https:\/\/sim.utcluj.ro\/index.php?rest_route=\/wp\/v2\/pages\/2449\/revisions\/2848"}],"wp:attachment":[{"href":"https:\/\/sim.utcluj.ro\/index.php?rest_route=%2Fwp%2Fv2%2Fmedia&parent=2449"}],"curies":[{"name":"wp","href":"https:\/\/api.w.org\/{rel}","templated":true}]}}